actor of 1049317710?
True
Is 181757644 a multiple of 261?
False
Is 71 a factor of 126162765?
False
Does 15 divide 2414340?
True
Is 887279385 a multiple of 6973?
True
Does 8 divide 18934904?
True
Is 21 a factor of 41262431?
False
Is 1419 a factor of 24866556?
True
Is 36243252 a multiple of 395?
False
Does 5 divide 88199167?
False
Is 4 a factor of 10269284?
True
Does 98 divide 1849032640?
True
Is 30 a factor of 124762100?
False
Does 17676 divide 7140282317?
False
Is 83092240 a multiple of 490?
True
Is 188828168 a multiple of 57?
False
Is 473694008 a multiple of 59?
True
Is 39011712 a multiple of 608?
True
Does 428 divide 728368688?
True
Is 203 a factor of 104806279?
False
Does 963 divide 359639091?
True
Is 10 a factor of 210046270?
True
Is 3630 a factor of 941810760?
True
Is 11 a factor of 700563732?
True
Is 299976216 a multiple of 6?
True
Is 264 a factor of 2984853361?
False
Is 7935 a factor of 779002345?
False
Is 286 a factor of 276747466?
False
Is 293 a factor of 264311548?
False
Does 556 divide 12230318?
False
Is 77889247 a multiple of 406?
False
Does 1944 divide 273921254?
False
Is 1698 a factor of 83412552?
True
Does 115 divide 61261765?
True
Does 38 divide 34483526?
False
Does 216 divide 179871296?
False
Is 471858859 a multiple of 3041?
False
Is 716056796 a multiple of 358?
False
Is 71 a factor of 31328882?
False
Does 6 divide 20911183?
False
Does 220 divide 128398354?
False
Is 569 a factor of 3159598?
False
Is 403 a factor of 43397755?
False
Is 5 a factor of 370863228?
False
Is 1005440 a multiple of 160?
True
Does 25 divide 2035350?
True
Is 3799 a factor of 40896235?
True
Is 9138678 a multiple of 54?
False
Is 19 a factor of 1132529680?
False
Is 12 a factor of 52846527?
False
Is 3393 a factor of 261261?
True
Is 1848169620 a multiple of 102?
True
Does 56 divide 251717032?
True
Does 141 divide 19631156?
False
Is 7645131 a multiple of 80?
False
Is 31 a factor of 50724773?
True
Does 427 divide 52243193?
False
Is 58 a factor of 32981236?
True
Is 1610372305 a multiple of 5?
True
Does 2961 divide 299804241?
False
Is 367003360 a multiple of 319?
False
Is 497956164 a multiple of 3174?
True
Is 580 a factor of 571628280?
True
Is 50 a factor of 8809550?
True
Is 2 a factor of 9824408?
True
Is 294943701 a multiple of 507?
True
Is 70 a factor of 66160708?
False
Does 1527 divide 479363475?
True
Does 1168 divide 610084152?
False
Is 1058521759 a multiple of 63?
False
Is 3774378447 a multiple of 37?
False
Does 2229 divide 12991104?
False
Does 54 divide 77963310?
True
Is 7750431 a multiple of 24?
False
Is 731148811 a multiple of 3402?
False
Does 25 divide 18741920?
False
Is 25 a factor of 1651447150?
True
Is 9430722 a multiple of 54?
True
Is 919 a factor of 576763425?
False
Is 112 a factor of 602865758?
False
Does 19 divide 3841082845?
True
Does 424 divide 2088624?
True
Is 700827568 a multiple of 14?
True
Is 57809208 a multiple of 45?
False
Does 96 divide 106265539?
False
Is 10 a factor of 1154128790?
True
Is 468561208 a multiple of 17?
True
Is 54 a factor of 494521955?
False
Is 27 a factor of 109948333?
False
Does 34 divide 111067698?
True
Is 359659855 a multiple of 6095?
True
Is 421227513 a multiple of 189?
True
Does 808 divide 612016764?
False
Is 71856110 a multiple of 955?
True
Is 70495666 a multiple of 161?
False
Is 3337 a factor of 169773212?
True
Does 236 divide 39228981?
False
Is 679 a factor of 4069247?
True
Is 138701211 a multiple of 5997?
False
Is 248067309 a multiple of 39?
False
Does 14 divide 317181786?
False
Is 5880640 a multiple of 230?
True
Does 69 divide 765000411?
False
Is 253267190 a multiple of 34?
True
Does 164 divide 779851160?
True
Is 26 a factor of 42652298?
True
Is 1046 a factor of 245291184?
True
Does 396 divide 23578476?
False
Does 33 divide 9548517?
True
Does 9 divide 913780914?
False
Is 2993 a factor of 145588499?
True
Is 933 a factor of 32657799?
True
Is 68 a factor of 85201663?
False
Does 190 divide 11696823?
False
Is 24482612 a multiple of 7?
True
Is 10779 a factor of 4519374147?
False
Does 12 divide 59356176?
True
Is 157 a factor of 51020121?
False
Is 1230036487 a multiple of 2954?
False
Is 101 a factor of 18811048?
True
Is 15805020 a multiple of 165?
True
Is 10 a factor of 49749338?
False
Is 48128561 a multiple of 5?
False
Does 32 divide 36433826?
False
Is 551 a factor of 6354705?
False
Is 2701876 a multiple of 76?
True
Is 159 a factor of 621264039?
True
Is 549546396 a multiple of 42?
True
Does 366 divide 7343961?
False
Does 9373 divide 4690174216?
True
Is 10 a factor of 181346830?
True
Does 875 divide 348305125?
True
Is 53390656 a multiple of 64?
True
Is 259993625 a multiple of 125?
True
Is 178034696 a multiple of 8?
True
Is 963195480 a multiple of 9659?
True
Is 21752521 a multiple of 557?
True
Does 2833 divide 2709237328?
False
Is 12313796 a multiple of 134?
True
Is 4 a factor of 16287478?
False
Is 347371136 a multiple of 4438?
True
Is 1055 a factor of 111738215?
True
Is 2413993880 a multiple of 136?
True
Is 45 a factor of 79314469?
False
Is 1006251103 a multiple of 143?
True
Is 814 a factor of 13344911?
False
Is 108095730 a multiple of 20?
False
Is 72399135 a multiple of 56?
False
Does 218 divide 60124748?
False
Is 32 a factor of 2597037003?
False
Is 1372788841 a multiple of 103?
True
Does 155 divide 16259309?
False
Is 5274928 a multiple of 10?
False
Is 1160 a factor of 117010360?
True
Is 513772237 a multiple of 191?
True
Is 14281627 a multiple of 536?
False
Is 53122557 a multiple of 3?
True
Does 830 divide 9590276?
False
Is 1118801268 a multiple of 610?
False
Is 35561878 a multiple of 758?
False
Does 27 divide 122753180?
False
Does 23 divide 59231555?
True
Is 100 a factor of 14915358?
False
Is 42509491 a multiple of 38?
False
Is 44662518 a multiple of 196?
False
Is 6661746 a multiple of 91?
True
Does 34 divide 784632586?
True
Is 1970 a factor of 129369900?
True
Is 283853459 a multiple of 82?
False
Is 9490162 a multiple of 540?
False
Is 354047193 a multiple of 2679?
False
Does 278 divide 93735206?
True
Does 25 divide 17254725?
True
Does 10 divide 1180488057?
False
Does 62 divide 261969055?
False
Is 2516 a factor of 584270552?
True
Does 294 divide 114183132?
True
Is 70 a factor of 29959510?
True
Is 72 a factor of 125012448?
True
Is 1428795394 a multiple of 2808?
False
Is 178940556 a multiple of 372?
True
Is 153920624 a multiple of 13?
True
Does 148 divide 23324800?
True
Does 19 divide 18966942?
False
Does 294 divide 1466186526?
True
Is 23 a factor of 12332945?
True
Is 384 a factor of 14004864?
True
Does 589 divide 10421578?
False
Does 10 divide 58904790?
True
Does 143 divide 408544565?
True
Is 64582769 a multiple of 397?
True
Does 37 divide 45628418?
False
Is 4870 a factor of 137005595?
False
Does 429 divide 50136372?
True
Is 284 a factor of 221120022?
False
Does 7 divide 285073498?
False
Is 125 a factor of 571821750?
True
Is 322572736 a multiple of 32?
True
Does 20 divide 89450200?
True
Is 51 a factor of 52721789?
False
Does 6 divide 741449220?
True
Does 10 divide 37874105?
False
Does 1458 divide 1476294871?
False
Is 52 a factor of 1005417755?
False
Is 66962844 a multiple of 13?
True
Does 94 divide 272729626?
True
Does 94 divide 661091749?
False
Does 9424 divide 1147159460?
False
Does 18 divide 351175754?
False
Is 27613974 a multiple of 38?
False
Is 2107854819 a multiple of 55?
False
Is 1733 a factor of 83055758?
True
Is 64 a factor of 67484584?
False
Is 1139125505 a multiple of 35?
True
Is 34647184 a multiple of 180?
False
Does 240 divide 14085468?
False
Does 2 divide 1075322?
True
Is 1909 a factor of 960072353?
False
Is 176 a factor of 234449248?
True
Is 7679316 a multiple of 87?
True
Does 6461 divide 351898408?
False
Does 18 divide 407348?
False
Is 72 a factor of 376457112?
True
Is 22 a factor of 845939?
False
Is 1025 a factor of 1856175?
False
Does 30 divide 27335845?
False
Does 14 divide 35317114?
True
Is 568152920 a multiple of 2452?
True
Is 2227198279 a multiple of 22?
False
Is 5916079 a multiple of 13?
True
Is 8 a factor of 7602788?
False
Is 395 a factor of 49882913?
False
Is 49344320 a multiple of 41?
True
Is 316593404 a multiple of 138?
False
Does 1404 divide 2163343572?
True
Is 26 a factor of 180293025?
False
Is 523565440 a multiple of 20?
True
Does 5 divide 128198576?
False
Does 427 divide 208227490?
Fal